World Clock
16°C
Ekeren, Belgium
Taal:  Nederlands
Bijgewerkt op13-Jun-2024 10:15 
 




NOAA-Stijl RAPPORTEN

Selecteer een Jaar of Maand rapport
2024: jan feb maa apr mei jun jul aug sep okt nov dec
2023: jan feb maa apr mei jun jul aug sep okt nov dec

Verslag voor 2024 juni

Daily noaa report



                            MONTHLY CLIMATOLOGICAL SUMMARY for JUN. 2024

NAME:    CITY:  STATE: 
ELEV:  LAT:  LONG: 

                            TEMPERATURE ( °C), RAIN (mm), WIND SPEED (kmh)

                                               HEAT     COOL           AVG
      MEAN                                     DEG      DEG            WIND                       DOM
DAY   TEMP    HIGH   TIME     LOW    TIME      DAYS     DAYS    RAIN   SPEED    HIGH    TIME      DIR
--------------------------------------------------------------------------------------------------------
01    14.5    15.8   15:33    13.2   05:01     03.8     00.0    02.5   03.6     22.2    22:27     NNW
02    14.3    18.7   18:04    10.6   00:00     04.0     00.0    00.0   03.6     22.2    03:16     NNW
03    13.6    19.0   16:38    07.5   04:41     04.7     00.0    00.0   00.7     09.3    16:56     NNW
04    17.7    22.2   16:39    13.2   02:34     00.6     00.0    00.0   02.8     22.2    16:15      S 
05    14.8    18.9   13:30    11.4   06:45     03.5     00.0    00.3   02.4     16.6    15:54      NW
06    14.4    19.2   17:01    08.8   04:33     03.9     00.0    00.0   01.7     16.6    16:36     NNW
07    14.7    20.6   13:37    07.7   05:21     03.6     00.0    00.0   02.0     20.4    13:57     ESE
08    14.5    20.1   18:04    10.5   02:10     03.8     00.0    00.0   01.8     20.4    19:47     WNW
09    13.4    18.8   16:29    07.1   06:04     04.9     00.0    00.0   01.8     18.5    18:20      NW
10    12.0    14.4   12:35    09.1   00:00     06.3     00.0    15.0   03.5     27.8    16:45      W 
11    11.8    15.9   18:16    08.3   06:25     06.5     00.0    01.3   01.4     18.5    19:27      NW
12    12.2    16.2   18:52    08.1   04:27     06.1     00.0    03.3   01.4     20.4    13:51      N 
--------------------------------------------------------------------------------------------------------
14.0 (14.0)   22.2  day 04     07.1  day 09   051.7    000.0   022.1   02.2     27.8   day 10      NW
Min <   30: 12
Max Rain: 15.0 ON 10-06-24
Days of Rain: 5 (> .2mm) 3 (> 2mm) 0 (> 20mm)