World Clock
30°C
Ekeren, Belgium
Taal:  Nederlands
Bijgewerkt op19-Jul-2024 16:50 
 




NOAA-Stijl RAPPORTEN

Selecteer een Jaar of Maand rapport
2024: jan feb maa apr mei jun jul aug sep okt nov dec
2023: jan feb maa apr mei jun jul aug sep okt nov dec

Rapport voor 2024 mei

Daily noaa report



                            MONTHLY CLIMATOLOGICAL SUMMARY for MAY. 2024

NAME:    CITY:  STATE: 
ELEV:  LAT:  LONG: 

                            TEMPERATURE ( °C), RAIN (mm), WIND SPEED (kmh)

                                               HEAT     COOL           AVG
      MEAN                                     DEG      DEG            WIND                       DOM
DAY   TEMP    HIGH   TIME     LOW    TIME      DAYS     DAYS    RAIN   SPEED    HIGH    TIME      DIR
--------------------------------------------------------------------------------------------------------
01    19.1    26.1   17:15    12.4   06:11     00.0     00.8    07.1   02.0     22.2    15:18     WNW
02    16.7    21.4   12:42    12.6   23:58     01.6     00.0    05.1   02.2     14.8    20:39     WNW
03    11.8    17.0   18:41    08.5   00:00     06.5     00.0    08.6   04.1     25.9    10:01      W 
04    10.5    16.7   13:56    06.1   04:49     07.8     00.0    08.9   03.4     29.6    15:52     ESE
05    13.5    19.6   16:33    09.6   07:30     04.8     00.0    00.8   01.8     18.5    09:24     SSE
06    14.5    18.9   14:51    11.7   02:04     03.8     00.0    12.2   01.7     24.1    10:50      E 
07    15.3    21.7   15:53    11.2   00:00     03.0     00.0    08.1   02.2     22.2    18:50     NNW
08    12.4    14.5   14:31    10.3   23:58     05.9     00.0    00.0   01.3     16.6    16:05      N 
09    13.8    21.6   17:56    06.3   06:57     04.5     00.0    00.0   01.0     14.8    15:26     NNW
10    16.5    23.6   16:50    08.4   06:07     01.8     00.0    00.0   00.9     14.8    13:51      N 
11    18.9    26.3   15:58    11.7   06:54     00.0     00.6    00.0   01.4     24.1    13:37      NW
12    20.1    26.7   15:25    12.3   06:00     00.0     01.8    08.6   02.9     25.9    22:19     ESE
13    19.6    23.9   17:31    15.7   07:07     00.0     01.3    00.0   03.9     22.2    18:37      SE
14    20.3    26.3   15:58    15.7   06:36     00.0     02.0    00.0   05.0     31.4    12:23      SE
15    16.0    17.7   15:34    14.6   00:00     02.3     00.0    11.4   01.8     11.1    19:48     ESE
16    15.3    19.4   17:47    13.3   23:49     03.0     00.0    26.4   01.1     14.8    14:02     SSE
17    14.4    18.6   13:46    11.0   05:39     03.9     00.0    03.0   01.4     18.5    16:51     NNW
18    14.9    19.2   16:29    12.9   07:37     03.4     00.0    00.3   01.5     12.9    22:38      NW
19    15.3    21.8   16:27    12.5   08:06     03.0     00.0    02.8   01.3     16.6    15:50      NW
20    15.0    19.6   12:35    11.1   04:46     03.3     00.0    01.0   01.0     14.8    16:24     NNW
21    16.2    22.3   12:23    11.3   04:59     02.1     00.0    07.9   01.2     18.5    11:42     WSW
22    15.8    20.4   15:47    13.7   07:20     02.5     00.0    00.3   02.9     25.9    16:38     SSW
23    15.3    19.6   15:18    12.5   04:34     03.0     00.0    04.1   02.2     35.1    13:10      S 
24    13.2    16.0   11:33    10.1   05:59     05.1     00.0    16.8   00.7     12.9    17:08      NE
26    14.8    19.0   18:25    12.8   00:33     03.5     00.0    07.4   01.5     09.3    18:52      W 
27    14.9    17.8   11:53    11.5   00:00     03.4     00.0    02.8   01.5     22.2    12:49      S 
28    14.0    19.3   13:20    09.9   05:32     04.3     00.0    04.3   03.1     25.9    11:25     SSE
29    15.9    20.6   18:43    12.1   00:00     02.4     00.0    01.8   03.0     25.9    06:45     WSW
30    14.0    18.4   17:49    10.3   04:09     04.3     00.0    01.0   01.6     22.2    13:01      NW
31    14.8    19.9   16:56    12.3   08:27     03.5     00.0    01.0   02.3     24.1    21:26      NW
--------------------------------------------------------------------------------------------------------
15.4 (16.0)   26.7  day 12     06.1  day 04   093.0    006.5   163.3   02.1     35.2   day 23     SSW
Min <   30: 30
Max Rain: 26.4 ON 16-05-24
Days of Rain: 24 (> .2mm) 17 (> 2mm) 1 (> 20mm)