World Clock
30°C
Ekeren, Belgium
Taal:  Nederlands
Bijgewerkt op19-Jul-2024 16:50 
 




NOAA-Stijl RAPPORTEN

Selecteer een Jaar of Maand rapport
2024: jan feb maa apr mei jun jul aug sep okt nov dec
2023: jan feb maa apr mei jun jul aug sep okt nov dec

Rapport voor 2024 april

Daily noaa report



                            MONTHLY CLIMATOLOGICAL SUMMARY for APR. 2024

NAME:    CITY:  STATE: 
ELEV:  LAT:  LONG: 

                            TEMPERATURE ( °C), RAIN (mm), WIND SPEED (kmh)

                                               HEAT     COOL           AVG
      MEAN                                     DEG      DEG            WIND                       DOM
DAY   TEMP    HIGH   TIME     LOW    TIME      DAYS     DAYS    RAIN   SPEED    HIGH    TIME      DIR
--------------------------------------------------------------------------------------------------------
01    10.9    15.6   16:49    08.3   02:56     07.4     00.0    00.0   04.6     29.6    16:58     WSW
02    10.3    12.9   16:39    08.3   07:39     08.0     00.0    02.0   05.6     29.6    16:26      SW
03    11.4    15.3   16:58    09.6   06:07     06.9     00.0    04.3   06.6     33.3    17:24      SW
04    12.9    16.2   13:19    10.1   04:11     05.4     00.0    07.1   07.5     35.1    10:16     WSW
05    15.1    19.3   17:41    10.8   03:14     03.2     00.0    02.3   06.5     35.1    10:55      S 
06    18.8    24.7   16:07    13.0   05:29     00.0     00.5    00.0   06.4     33.3    13:05      SE
07    17.6    21.2   15:57    14.4   23:57     00.7     00.0    01.3   06.3     33.3    16:03      SW
08    15.8    21.1   18:37    11.2   07:49     02.5     00.0    02.0   04.7     25.9    16:49     ESE
09    11.8    14.9   00:02    09.8   00:00     06.5     00.0    06.4   07.5     40.7    13:55     WSW
10    11.6    16.0   18:06    07.4   07:51     06.7     00.0    00.8   04.5     27.8    23:53     WSW
11    13.4    14.8   18:42    11.8   09:22     04.9     00.0    01.3   04.2     29.6    05:58     SSW
12    17.1    21.7   16:17    13.2   06:37     01.2     00.0    00.0   04.2     22.2    13:32      W 
13    18.4    24.5   17:04    12.0   06:39     00.0     00.1    00.0   04.8     27.8    14:12     WSW
14    13.2    17.4   16:35    09.6   23:33     05.1     00.0    00.8   02.1     16.6    00:02      NW
15    08.7    11.3   11:57    03.5   14:47     09.6     00.0    11.4   06.3     35.1    16:51      W 
16    07.6    10.7   11:10    04.6   00:00     10.7     00.0    17.8   06.1     35.1    06:42      NW
17    05.7    09.9   15:32    02.8   00:00     12.6     00.0    06.9   02.2     31.4    17:10     NNW
18    07.4    12.9   15:28    01.6   02:54     10.9     00.0    00.0   02.3     18.5    19:29      NW
19    08.8    12.5   15:38    05.9   00:00     09.5     00.0    05.8   06.6     50.0    16:40      NW
20    07.1    10.6   14:46    05.0   07:09     11.2     00.0    04.3   04.0     35.1    18:09     NNW
21    06.7    12.7   18:21    02.6   07:41     11.6     00.0    02.3   02.3     33.3    07:01      N 
22    06.0    11.7   13:21    01.0   06:42     12.3     00.0    00.3   01.4     18.5    17:03     NNE
23    05.8    11.7   17:46   -01.2   06:08     12.5     00.0    02.0   01.7     24.1    17:14     NNW
24    06.6    10.8   14:31    03.8   07:30     11.7     00.0    03.8   03.3     33.3    15:53     NNW
25    07.2    11.1   14:41    03.8   04:18     11.1     00.0    00.3   03.5     25.9    14:45     SSW
26    08.4    13.1   14:25    05.8   07:59     09.9     00.0    02.8   01.9     22.2    04:39      W 
27    11.9    16.3   19:16    07.1   03:40     06.4     00.0    04.1   04.2     29.6    12:49     ESE
28    13.9    16.0   02:56    10.2   23:56     04.4     00.0    00.0   06.7     48.1    14:17      S 
29    13.5    19.8   16:17    05.7   06:27     04.8     00.0    00.0   03.8     33.3    13:56      SE
30    16.4    22.6   19:15    12.7   00:20     01.9     00.0    00.3   04.2     22.2    15:34     ESE
--------------------------------------------------------------------------------------------------------
11.3 (11.6)   24.7  day 06    -01.2  day 23   209.7    000.5   090.4   04.5     50.0   day 09     WSW
Min <   30: 30
Max Rain: 17.8 ON 16-04-24
Days of Rain: 23 (> .2mm) 13 (> 2mm) 0 (> 20mm)