World Clock
30°C
Ekeren, Belgium
Taal:  Nederlands
Bijgewerkt op19-Jul-2024 17:40 
 




NOAA-Stijl RAPPORTEN

Selecteer een Jaar of Maand rapport
2024: jan feb maa apr mei jun jul aug sep okt nov dec
2023: jan feb maa apr mei jun jul aug sep okt nov dec

Rapport voor 2023 december

Daily noaa report



                            MONTHLY CLIMATOLOGICAL SUMMARY for DEC. 2023

NAME:    CITY:  STATE: 
ELEV:  LAT:  LONG: 

                            TEMPERATURE ( °C), RAIN (mm), WIND SPEED (kmh)

                                               HEAT     COOL           AVG
      MEAN                                     DEG      DEG            WIND                       DOM
DAY   TEMP    HIGH   TIME     LOW    TIME      DAYS     DAYS    RAIN   SPEED    HIGH    TIME      DIR
--------------------------------------------------------------------------------------------------------
01   -00.5    01.3   15:15   -03.4   23:53     18.8     00.0    00.0   01.5     16.6    10:25      E 
02   -00.7    02.7   14:55   -03.9   08:10     19.0     00.0    00.5   02.1     14.8    22:40     SSE
03    00.5    02.0   13:45   -01.2   08:52     17.8     00.0    00.5   07.9     35.1    15:23     ESE
04    02.6    03.5   00:00    01.2   00:18     15.7     00.0    05.8   08.4     35.1    12:56      E 
05    03.3    03.6   09:59    02.7   12:42     15.0     00.0    00.0   01.3     20.4    12:09      NE
06    04.2    07.1   13:27    01.7   23:52     14.1     00.0    01.8   01.0     09.3    22:58      NE
07    03.1    04.6   15:29    00.5   01:58     15.2     00.0    01.3   09.4     37.0    20:53     ESE
08    06.3    09.0   16:50    02.7   02:35     12.0     00.0    03.3   05.0     25.9    22:11      SE
09    08.6    12.2   19:06    06.9   04:52     09.7     00.0    09.4   09.0     40.7    12:54     SSE
10    10.3    11.9   20:21    08.4   17:48     08.0     00.0    05.1   10.3     46.3    18:00      W 
11    10.5    11.7   07:32    08.9   00:00     07.8     00.0    01.0   07.1     33.3    07:04      W 
12    09.0    11.7   15:25    06.3   03:17     09.3     00.0    06.6   04.9     55.5    15:28      SE
13    08.6    09.9   11:06    07.7   20:35     09.7     00.0    02.0   02.6     20.4    05:11     SSE
14    06.4    08.2   00:07    04.0   08:49     11.9     00.0    01.0   02.1     20.4    03:39      NW
15    08.3    10.0   13:47    06.4   00:39     10.0     00.0    01.8   02.0     12.9    01:01      W 
16    08.7    10.1   22:31    06.4   08:32     09.6     00.0    00.0   04.6     25.9    19:31     WSW
17    08.1    10.2   13:07    04.8   00:00     10.2     00.0    00.0   04.6     24.1    10:59     WSW
18    05.5    06.4   14:43    04.7   17:29     12.8     00.0    00.0   05.1     27.8    15:16     SSW
19    07.2    08.7   17:45    05.4   00:50     11.1     00.0    09.7   05.4     31.4    06:26      SW
20    08.0    10.1   23:35    06.3   09:40     10.3     00.0    00.5   07.6     31.4    23:01     WNW
21    11.1    12.8   14:51    09.9   23:31     07.2     00.0    01.8   12.7     46.3    18:55     WNW
22    10.2    11.1   16:08    08.7   09:12     08.1     00.0    02.3   13.2     40.7    20:31     WNW
23    10.7    11.6   13:41    10.0   05:42     07.6     00.0    00.0   10.9     38.9    04:36     WNW
24    11.7    13.6   14:58    10.0   04:26     06.6     00.0    13.5   10.2     35.1    18:15      W 
25    12.1    12.6   02:47    11.5   18:38     06.2     00.0    06.1   09.5     35.1    23:20      W 
26    09.5    11.9   00:05    05.4   00:00     08.8     00.0    04.6   06.4     29.6    00:24     WNW
27    08.5    11.0   23:46    05.1   02:46     09.8     00.0    02.3   07.9     44.4    18:18      SE
28    10.9    11.5   14:49    10.4   09:23     07.4     00.0    00.0   08.4     35.1    21:58      SW
29    10.5    11.2   19:22    09.1   00:00     07.8     00.0    01.8   09.5     33.3    04:27      W 
30    09.1    10.7   14:44    07.3   09:15     09.2     00.0    00.0   06.8     31.4    23:57     SSW
--------------------------------------------------------------------------------------------------------
07.4 (7.3)   13.6  day 24    -03.9  day 02   326.7    000.0   087.1   06.6     55.5   day 12     WSW
Min <   30: 30
Max Rain: 13.5 ON 24-12-24
Days of Rain: 22 (> .2mm) 11 (> 2mm) 0 (> 20mm)