World Clock
30°C
Ekeren, Belgium
Taal:  Nederlands
Bijgewerkt op19-Jul-2024 17:40 
 




NOAA-Stijl RAPPORTEN

Selecteer een Jaar of Maand rapport
2024: jan feb maa apr mei jun jul aug sep okt nov dec
2023: jan feb maa apr mei jun jul aug sep okt nov dec

Rapport voor 2023 oktober

Daily noaa report



                            MONTHLY CLIMATOLOGICAL SUMMARY for OCT. 2023

NAME:    CITY:  STATE: 
ELEV:  LAT:  LONG: 

                            TEMPERATURE ( °C), RAIN (mm), WIND SPEED (kmh)

                                               HEAT     COOL           AVG
      MEAN                                     DEG      DEG            WIND                       DOM
DAY   TEMP    HIGH   TIME     LOW    TIME      DAYS     DAYS    RAIN   SPEED    HIGH    TIME      DIR
--------------------------------------------------------------------------------------------------------
01    18.0    24.0   15:34    11.7   07:47     00.3     00.0    00.0   01.4     12.9    13:07      SE
02    19.3    25.6   16:58    13.6   06:29     00.0     01.0    00.0   01.0     11.1    15:34      SE
03    17.6    22.1   03:49    14.5   00:00     00.7     00.0    00.9   02.1     12.9    05:38     WNW
04    14.8    17.7   16:13    11.9   08:36     03.5     00.0    00.0   01.1     09.3    08:04      N 
05    15.2    18.4   17:16    12.9   08:00     03.1     00.0    00.0   00.8     09.3    11:59     ESE
06    15.9    20.0   17:10    12.2   04:38     02.4     00.0    00.0   01.3     11.1    12:50      SE
07    18.4    23.1   16:53    14.4   02:57     00.0     00.1    00.0   01.5     11.1    20:46      NW
08    17.5    22.7   17:03    12.4   07:58     00.8     00.0    00.0   00.5     07.4    14:42      SE
09    17.0    20.8   15:10    13.0   00:00     01.3     00.0    00.0   00.4     05.5    17:19     WNW
10    17.4    24.0   17:01    11.5   05:02     00.9     00.0    00.1   01.3     16.6    17:02     SSE
11    17.8    21.2   17:30    14.7   07:05     00.5     00.0    00.0   01.3     11.1    15:48     WSW
12    16.7    18.4   00:04    15.0   06:36     01.6     00.0    07.4   01.4     11.1    15:12     SSE
13    19.3    22.8   15:52    17.0   04:02     00.0     01.0    06.6   02.4     16.6    19:17      S 
14    12.3    19.1   00:05    07.5   22:33     06.0     00.0    08.0   01.3     11.1    13:18      NW
15    08.4    12.3   13:52    05.3   23:52     09.9     00.0    10.4   01.0     11.1    12:48      NE
16    07.8    13.3   14:34    02.6   08:24     10.5     00.0    07.6   01.1     09.3    14:43     ESE
17    09.6    13.9   15:24    06.9   00:27     08.7     00.0    00.0   01.7     16.6    13:30      E 
18    10.5    15.8   14:53    06.4   07:12     07.8     00.0    12.4   03.1     12.9    22:07      E 
19    15.9    18.1   17:37    13.4   00:17     02.4     00.0    00.8   02.8     12.9    16:13      SE
20    14.5    15.5   13:31    13.6   00:00     03.8     00.0    16.4   02.2     12.9    21:37     ESE
21    13.5    16.1   13:13    12.0   02:11     04.8     00.0    05.1   04.1     22.2    23:07     SSE
22    12.6    15.9   16:00    10.0   22:47     05.7     00.0    01.3   01.7     20.4    00:31      SE
23    10.1    13.7   15:35    06.0   05:59     08.2     00.0    03.2   01.7     09.3    22:48      E 
24    11.9    15.3   16:33    09.8   23:59     06.4     00.0    02.9   01.7     14.8    11:10     SSE
25    09.8    10.8   16:47    08.7   03:39     08.5     00.0    06.3   01.3     09.3    10:45      E 
26    09.2    11.3   17:41    06.6   08:47     09.1     00.0    00.4   02.4     09.3    19:33     ESE
27    11.3    14.1   16:29    09.8   23:16     07.0     00.0    18.1   01.6     11.1    16:15     ESE
28    12.4    15.1   15:26    10.4   00:02     05.9     00.0    03.0   03.3     14.8    23:02      SE
29    13.5    15.3   02:18    11.6   23:59     04.8     00.0    03.4   03.2     25.9    02:59      S 
30    11.5    12.6   10:55    09.9   23:57     06.8     00.0    12.3   01.9     12.9    10:19      SE
31    10.8    12.3   20:24    08.9   08:35     07.5     00.0    00.0   01.4     11.1    20:20     SSE
--------------------------------------------------------------------------------------------------------
13.9 (14.1)   25.6  day 02     02.6  day 16   139.3    002.0   130.2   01.7     25.9   day 29      SE
Min <   30: 31
Max Rain: 18.1 ON 27-10-23
Days of Rain: 19 (> .2mm) 15 (> 2mm) 0 (> 20mm)